{"id":5340,"date":"2023-08-04T23:49:54","date_gmt":"2023-08-04T20:49:54","guid":{"rendered":"https:\/\/turkuswingsociety.com\/tss\/?page_id=5340"},"modified":"2023-08-05T00:09:04","modified_gmt":"2023-08-04T21:09:04","slug":"toimintakertomus-ja-suunnitelma","status":"publish","type":"page","link":"https:\/\/www.turkuswingsociety.com\/tss\/toimintakertomus-ja-suunnitelma\/","title":{"rendered":"Toimintakertomus ja -suunnitelma"},"content":{"rendered":"\n<div style=\"height:58px\" aria-hidden=\"true\" class=\"wp-block-spacer\"><\/div>\n\n\n\n<div class=\"wp-block-cover alignfull\" style=\"min-height:400px;aspect-ratio:unset;\"><span aria-hidden=\"true\" class=\"wp-block-cover__background has-background-dim-20 has-background-dim wp-block-cover__gradient-background has-background-gradient\" style=\"background:linear-gradient(135deg,rgb(169,184,195) undefined%,rgb(238,238,238) 54%)\"><\/span><img loading=\"lazy\" decoding=\"async\" width=\"1740\" height=\"800\" class=\"wp-block-cover__image-background wp-image-5188\" alt=\"\" src=\"https:\/\/turkuswingsociety.com\/tss\/wp-content\/uploads\/2023\/07\/jerejelena-EXPANDED-mustavalko-cropped-blurred-MERGED-fixed-vari-liila-tiilit-2varia-compressed-darker-2-kapea-compressed.jpg\" style=\"object-position:50% 40%\" data-object-fit=\"cover\" data-object-position=\"50% 40%\" srcset=\"https:\/\/www.turkuswingsociety.com\/tss\/wp-content\/uploads\/2023\/07\/jerejelena-EXPANDED-mustavalko-cropped-blurred-MERGED-fixed-vari-liila-tiilit-2varia-compressed-darker-2-kapea-compressed.jpg 1740w, https:\/\/www.turkuswingsociety.com\/tss\/wp-content\/uploads\/2023\/07\/jerejelena-EXPANDED-mustavalko-cropped-blurred-MERGED-fixed-vari-liila-tiilit-2varia-compressed-darker-2-kapea-compressed-300x138.jpg 300w, https:\/\/www.turkuswingsociety.com\/tss\/wp-content\/uploads\/2023\/07\/jerejelena-EXPANDED-mustavalko-cropped-blurred-MERGED-fixed-vari-liila-tiilit-2varia-compressed-darker-2-kapea-compressed-1024x471.jpg 1024w, https:\/\/www.turkuswingsociety.com\/tss\/wp-content\/uploads\/2023\/07\/jerejelena-EXPANDED-mustavalko-cropped-blurred-MERGED-fixed-vari-liila-tiilit-2varia-compressed-darker-2-kapea-compressed-768x353.jpg 768w, https:\/\/www.turkuswingsociety.com\/tss\/wp-content\/uploads\/2023\/07\/jerejelena-EXPANDED-mustavalko-cropped-blurred-MERGED-fixed-vari-liila-tiilit-2varia-compressed-darker-2-kapea-compressed-1536x706.jpg 1536w, https:\/\/www.turkuswingsociety.com\/tss\/wp-content\/uploads\/2023\/07\/jerejelena-EXPANDED-mustavalko-cropped-blurred-MERGED-fixed-vari-liila-tiilit-2varia-compressed-darker-2-kapea-compressed-18x8.jpg 18w\" sizes=\"auto, (max-width: 1740px) 100vw, 1740px\" \/><div class=\"wp-block-cover__inner-container is-layout-flow wp-block-cover-is-layout-flow\">\n<p class=\"has-text-align-center has-x-large-font-size\" style=\"font-style:normal;font-weight:400;letter-spacing:5px\">TOIMINTAKERTOMUS JA -SUUNNITELMA<\/p>\n<\/div><\/div>\n\n\n\n<div style=\"height:80px\" aria-hidden=\"true\" class=\"wp-block-spacer\"><\/div>\n\n\n\n<div class=\"wp-block-columns is-layout-flex wp-container-core-columns-is-layout-9d6595d7 wp-block-columns-is-layout-flex\">\n<div class=\"wp-block-column is-layout-flow wp-block-column-is-layout-flow\" style=\"flex-basis:15%\"><\/div>\n\n\n\n<div class=\"wp-block-column is-layout-flow wp-block-column-is-layout-flow\" style=\"flex-basis:70%\">\n<h1 class=\"wp-block-heading has-text-align-center\" style=\"letter-spacing:5px\">Toimintakertomus 2022<\/h1>\n\n\n\n<hr class=\"wp-block-separator has-alpha-channel-opacity is-style-wide\"\/>\n\n\n\n<p>Vuonna 2022 Turku Swing Society harjoitti toimintaa mm. j\u00e4rjest\u00e4m\u00e4ll\u00e4 rock\u2019n\u2019swing-tanssien viikkokursseja, vapaita harjoituksia, intensiivej\u00e4 ja bileit\u00e4. Seuran p\u00e4\u00e4asiallisena lajina olivat West Coast Swing (WCS), Lindy Hop ja Argentiinalainen tango. Yhdistyksen s\u00e4\u00e4nt\u00f6jen mukaan j\u00e4seneksi otettiin kummallakin kaudella henkil\u00f6t, jotka ovat ilmoittautuneet ja maksaneet j\u00e4senmaksun. Edelt\u00e4v\u00e4n kauden syyskokouksessa p\u00e4\u00e4tettiin siirty\u00e4 kausikohtaisesta j\u00e4senyydest\u00e4 vuoden mittaiseen j\u00e4senyyteen ja vuoden 2022 j\u00e4senmaksun suuruudeksi p\u00e4\u00e4tettiin 15 \u20ac\/vuosi. Liittymismaksu oli edelleen 0 \u20ac. J\u00e4senille tiedotettiin seuran toiminnasta p\u00e4\u00e4osin s\u00e4hk\u00f6postilistojen, nettisivujen ja Facebookin kautta.<\/p>\n\n\n\n<h2 class=\"wp-block-heading\">Kev\u00e4tkausi&nbsp;<\/h2>\n\n\n\n<p>20.2. SHO ja SKO osakuntien lajikokeilu West Coast Swing<br>27.2. SHO ja SKO osakuntien lajikokeilu Argentiinalainen tango<br>31.3. Promotapahtuma TYYlik\u00e4s satanen (seuralla st\u00e4ndi)<br>5.5. Practilonga<br>12.5. Kauden p\u00e4\u00e4tt\u00e4j\u00e4iset<br>14.5. Westibileet<br>19.5. Lindy-Westi-vaparit<br>27.5. Rock\u2019nSwing-bileet <\/p>\n\n\n\n<p>West Coast Swing 1 x 8 viikon kurssijaksot (alkeet, alkeisjatko, jatko)&nbsp; ja 1 x 4 viikon kurssit (alkeet, avoin taso)<br>Lindy Hop 1 x 8 viikon kurssijaksot (alkeet, avoin taso)&nbsp;<br>Argentiinalainen tango 1 x 4 viikon alkeiskurssi<\/p>\n\n\n\n<h2 class=\"wp-block-heading\">Kes\u00e4<\/h2>\n\n\n\n<p>West Coast Swing 1 x 7 viikon rally-koreografiakurssi<\/p>\n\n\n\n<h2 class=\"wp-block-heading\">Syyskausi<\/h2>\n\n\n\n<p>5.8. Rock\u2019n\u2019Swing-bileet<br>26.8. Promotapahtuma Welcome Fair<br>3.9. Rallyesitys&nbsp;<br>19.9. Superkertaus westist\u00e4&nbsp;<br>21.9. Promotapahtuma Kauppatorin avajaisviikon liikunnan p\u00e4iv\u00e4&nbsp;<br>20.10. Westivaparit&nbsp;<br>27.10. Westivaparit&nbsp;<br>17.11. Westivaparit&nbsp;<br>24.11. Westivaparit<\/p>\n\n\n\n<p>West coast swing 11 viikon mittaiset kurssijaksot, joissa kolme ryhm\u00e4\u00e4 (alkeis-, alkeisjatko- ja jatkotaso).&nbsp;<br>Lindy Hopista ja argentiinalaisesta tangosta ei j\u00e4rjestetty viikkotunteja syksyll\u00e4.<\/p>\n\n\n\n<h2 class=\"wp-block-heading\">Kokoukset ja kokoontumiset<\/h2>\n\n\n\n<p>J\u00e4senist\u00f6n kokouksia j\u00e4rjestettiin kaksi, eli s\u00e4\u00e4nt\u00f6jen mukaiset kev\u00e4tkokous ja syyskokous.<\/p>\n\n\n\n<p>Kev\u00e4tkokouksessa 31.3.2022 k\u00e4siteltiin toimintakertomus sek\u00e4 tilinp\u00e4\u00e4t\u00f6s ja my\u00f6nnettiin vuoden 2021 hallitukselle vastuuvapaus.<\/p>\n\n\n\n<p>Syyskokouksessa 19.12.2022 k\u00e4siteltiin toimintasuunnitelma ja talousarvio, joiden lis\u00e4ksi valittiin vuoden 2023 hallituksen puheenjohtaja sek\u00e4 muut j\u00e4senet ja varaj\u00e4senet.&nbsp;<br>Kokouksessa nimitettiin my\u00f6s toiminnantarkastaja ja varatoiminnantarkastaja.<br>Santtu Hietam\u00e4ki valittiin toiminnantarkastajaksi. Mikko Peltonen varatoiminnantarkastajaksi.<\/p>\n\n\n\n<p>Vuoden 2022 hallitus kokoontui yhteens\u00e4 10 kertaa.<\/p>\n\n\n\n<h2 class=\"wp-block-heading\">Hallitus 2023<\/h2>\n\n\n\n<p><strong>Puheenjohtaja ja Lindy hop -vastaava:<\/strong> Nuutti Vertanen, puheenjohtaja(at)turkuswingsociety.com, lindyhop(at)turkuswingsociety.com<br><strong>Varapuheenjohtaja ja tilavastaava:<\/strong> Antero Sepp\u00e4nen<br><strong>Sihteeri ja tiedottaja:<\/strong> Maria Myll\u00e4ri, tiedottaja(at)turkuswingsociety.com<br><strong>Rahastonhoitaja:<\/strong> Jelena Vuorinen, taloudenhoitaja(at)turkuswingsociety.com<br><strong>J\u00e4senvastaava ja tietoturva- ja hyvinvointivastaava:<\/strong> Oona Peltonen, jasenvastaava(at)turkuswingsociety.com<br><strong>Varaj\u00e4senet:<\/strong> Li-Hsin Chang ja Salla Ryytty<\/p>\n\n\n\n<p><strong>Hallituksen ulkopuoliset vastaavat:<\/strong><strong><br><\/strong><strong>Nettisivuvastaava:<\/strong> Mari Salonen<br><strong>Ilmoittautumisvastaava:<\/strong> Sergey Borisov<br><strong>Argentiinalaisen tangon lajivastaava:<\/strong> Robert Hafr\u00e9n, tangoargentino(at)turkuswingsociety.com<br><strong>WCS-vastaava:<\/strong> Disa Sj\u00f6gren, wcs(at)turkuswingsociety.com<br><strong>Avustava WCS-vastaava:<\/strong> Mikko Peltonen<br><strong>Sosiaalisen median vastaava:<\/strong> Li-Hsin Chang<br><strong>Avustava sosiaalisen median vastaava:<\/strong> Jere Toikka<\/p>\n<\/div>\n\n\n\n<div class=\"wp-block-column is-layout-flow wp-block-column-is-layout-flow\" style=\"flex-basis:15%\"><\/div>\n<\/div>\n\n\n\n<div style=\"height:58px\" aria-hidden=\"true\" class=\"wp-block-spacer\"><\/div>\n\n\n\n<div class=\"wp-block-columns is-layout-flex wp-container-core-columns-is-layout-9d6595d7 wp-block-columns-is-layout-flex\">\n<div class=\"wp-block-column is-layout-flow wp-block-column-is-layout-flow\" style=\"flex-basis:15%\"><\/div>\n\n\n\n<div class=\"wp-block-column is-layout-flow wp-block-column-is-layout-flow\" style=\"flex-basis:70%\">\n<h1 class=\"wp-block-heading has-text-align-center\" style=\"letter-spacing:5px\">Toimintasuunnitelma 2023<\/h1>\n\n\n\n<hr class=\"wp-block-separator has-alpha-channel-opacity is-style-wide\"\/>\n\n\n\n<p>Turku Swing Society on Turun Yliopiston Ylioppilaskunnan (TYY) harrastusj\u00e4rjest\u00f6, joka tarjoaa kaikille avointa tanssinopetusta ja tanssitapahtumia. Seura j\u00e4rjest\u00e4\u00e4 viikkokursseja lindy hopista, west coast swingist\u00e4 ja argentiinalaisesta tangosta, mahdollisesti my\u00f6s muista lajeista sek\u00e4 n\u00e4it\u00e4 tukevista toiminnoista opettajatilanteen sek\u00e4 tilaresurssien mukaan. Hallitus p\u00e4\u00e4tt\u00e4\u00e4 valmentajista ja kurssien j\u00e4rjest\u00e4misest\u00e4. Seura j\u00e4rjest\u00e4\u00e4 alkeis-, alkeisjatko- ja jatkotason kursseja sek\u00e4 varaa vapaaharjoitusvuoroja tilojen ja varojen puitteissa. Seura j\u00e4rjest\u00e4\u00e4 s\u00e4\u00e4nn\u00f6lliseen opetukseen kuuluvista sek\u00e4 n\u00e4it\u00e4 tukevista lajeista viikonloppukursseja sek\u00e4 kev\u00e4t- ett\u00e4 syyskaudella.<\/p>\n\n\n\n<p>Kurssien m\u00e4\u00e4r\u00e4\u00e4n vaikuttavat ennen kaikkea j\u00e4rjest\u00e4vien aktiivien ja valmentajien innostus ja sitoutuminen sek\u00e4 seuran taloudelliset ja muut resurssit. Kurssit j\u00e4rjestet\u00e4\u00e4n mahdollisuuksien mukaan jatkumoksi siten, ett\u00e4 alkeiskurssilaisilla on mahdollisuus jatkaa suoraan seuraavalle tasolle.<\/p>\n\n\n\n<p>Kev\u00e4tkaudella viikkokurssit j\u00e4rjestet\u00e4\u00e4n Turun kaupungin tiloissa. Syyskaudella viikkokurssit j\u00e4rjestet\u00e4\u00e4n tilojen ja opettajien saatavuuden mukaan. Kursseista ja muusta toiminnasta saatavat muut mahdolliset voitot k\u00e4ytet\u00e4\u00e4n j\u00e4senist\u00f6n etujen mukaiseen toimintaan, muun muassa s\u00e4\u00e4nn\u00f6llisesti j\u00e4rjestett\u00e4viin tanssiaisiin ja vapaaharjoituksiin.<\/p>\n\n\n\n<p>Kauden aikana j\u00e4rjestet\u00e4\u00e4n kaikille kiinnostuneille suunnattuja tanssiaisia ja muita tanssitapahtumia ohjelmineen. Joka kauden alussa (2 krt\/vuosi) j\u00e4rjestet\u00e4\u00e4n tutustumistanssiaiset, syyskauden p\u00e4\u00e4tteeksi pikkujoulut ja kev\u00e4tkauden p\u00e4\u00e4tteeksi kev\u00e4tbileet. Tapahtumien tavoitteena on tutustuttaa tanssijoita toisiinsa, luoda yhteishenke\u00e4 ja helpottaa my\u00f6s aloittelijoiden p\u00e4\u00e4sy\u00e4 mukaan sosiaalitansseihin.<\/p>\n\n\n\n<p>Seura pyrkii osallistumaan TYY:n j\u00e4rjest\u00e4miin tilaisuuksiin ja koulutuksiin.<\/p>\n\n\n\n<p>Yhteisty\u00f6t\u00e4 Turun yliopiston, muiden korkeakoulujen ja TYY:n kanssa jatketaan. Yhteisty\u00f6t\u00e4 mm. Flying Stepsin, Sekahaun sek\u00e4 muiden tahojen kanssa jatketaan ja kehitet\u00e4\u00e4n. S\u00e4\u00e4nn\u00f6llisten tanssi-iltojen j\u00e4rjest\u00e4mist\u00e4 jatketaan. My\u00f6s tiedotusyhteisty\u00f6t\u00e4 muiden turkulaisten tanssiseurojen kanssa jatketaan. J\u00e4seni\u00e4 kannustetaan k\u00e4ym\u00e4\u00e4n tanssileireill\u00e4 ja muissa tanssitapahtumissa, ja leirej\u00e4 sek\u00e4 muiden seurojen tapahtumia markkinoidaan seuran tiedotuskanavien kautta.<\/p>\n\n\n\n<p>Seuran n\u00e4kyvyyden kasvattaminen ja seuran toiminnan sek\u00e4 rock&#8217;n&#8217;swing-tanssien ja argentiinalaisen tangon yleiseen tietoisuuteen tuominen ovat t\u00e4rkeit\u00e4 tavoitteita, joihin pyrit\u00e4\u00e4n mm. olemalla mukana eri j\u00e4rjest\u00e4jien tapahtumissa, j\u00e4rjest\u00e4m\u00e4ll\u00e4 itse tempauksia k\u00e4ytett\u00e4viss\u00e4 olevien resurssien puitteissa sek\u00e4 esiintym\u00e4ll\u00e4 sopivissa tilaisuuksissa. Erityisesti lukukausien alussa j\u00e4rjestett\u00e4viss\u00e4 suurissa tapahtumissa, joihin osallistuu aktiivisesti my\u00f6s TYYn j\u00e4seni\u00e4, panostetaan l\u00e4sn\u00e4oloon ja toiminnan n\u00e4kyv\u00e4ksi tekemiseen, sek\u00e4 uusien opiskelijaj\u00e4senten innostamiseen mukaan kursseille. Ennen kev\u00e4t ja -syyskauden kurssien alkua voidaan j\u00e4rjest\u00e4\u00e4 lajikokeilup\u00e4iv\u00e4. Tiedotusta kursseista ja muista ajankohtaisista asioista jatketaan TSS:n nettisivuilla, Facebookissa seuran omilla sivuilla ja muissa tanssitapahtumaryhmiss\u00e4, sek\u00e4 s\u00e4hk\u00f6postilistalla. My\u00f6s TYYn tiedostuskanavia hy\u00f6dynnet\u00e4\u00e4n.<\/p>\n\n\n\n<p>Toiminta s\u00e4ilytet\u00e4\u00e4n avoimena uusille ratkaisuille, lajikokeiluille ja ideoille toiminnan kehitt\u00e4miseksi. J\u00e4senist\u00f6n palaute otetaan hallituksen p\u00e4\u00e4t\u00f6ksiss\u00e4 huomioon.Turku Swing Society on sitoutunut tupakka- ja muiden nikotiinituotteiden k\u00e4yt\u00f6n ehk\u00e4isyyn.Turku Swing Societyn toiminta on syrjinn\u00e4st\u00e4 vapaata.<\/p>\n<\/div>\n\n\n\n<div class=\"wp-block-column is-layout-flow wp-block-column-is-layout-flow\" style=\"flex-basis:15%\"><\/div>\n<\/div>\n","protected":false},"excerpt":{"rendered":"<p>Toimintakertomus 2022 Vuonna 2022 Turku Swing Society harjoitti toimintaa mm. j\u00e4rjest\u00e4m\u00e4ll\u00e4 rock\u2019n\u2019swing-tanssien viikkokursseja, vapaita harjoituksia, intensiivej\u00e4 ja bileit\u00e4. Seuran p\u00e4\u00e4asiallisena lajina olivat West Coast Swing (WCS), Lindy Hop ja Argentiinalainen tango. Yhdistyksen s\u00e4\u00e4nt\u00f6jen mukaan j\u00e4seneksi otettiin kummallakin kaudella henkil\u00f6t, jotka ovat ilmoittautuneet ja maksaneet j\u00e4senmaksun. Edelt\u00e4v\u00e4n kauden syyskokouksessa p\u00e4\u00e4tettiin siirty\u00e4 kausikohtaisesta j\u00e4senyydest\u00e4 vuoden mittaiseen j\u00e4senyyteen [&hellip;]<\/p>\n","protected":false},"author":1,"featured_media":0,"parent":0,"menu_order":0,"comment_status":"closed","ping_status":"closed","template":"","meta":{"ocean_post_layout":"","ocean_both_sidebars_style":"","ocean_both_sidebars_content_width":0,"ocean_both_sidebars_sidebars_width":0,"ocean_sidebar":"0","ocean_second_sidebar":"0","ocean_disable_margins":"enable","ocean_add_body_class":"","ocean_shortcode_before_top_bar":"","ocean_shortcode_after_top_bar":"","ocean_shortcode_before_header":"","ocean_shortcode_after_header":"","ocean_has_shortcode":"","ocean_shortcode_after_title":"","ocean_shortcode_before_footer_widgets":"","ocean_shortcode_after_footer_widgets":"","ocean_shortcode_before_footer_bottom":"","ocean_shortcode_after_footer_bottom":"","ocean_display_top_bar":"default","ocean_display_header":"default","ocean_header_style":"","ocean_center_header_left_menu":"0","ocean_custom_header_template":"0","ocean_custom_logo":0,"ocean_custom_retina_logo":0,"ocean_custom_logo_max_width":0,"ocean_custom_logo_tablet_max_width":0,"ocean_custom_logo_mobile_max_width":0,"ocean_custom_logo_max_height":0,"ocean_custom_logo_tablet_max_height":0,"ocean_custom_logo_mobile_max_height":0,"ocean_header_custom_menu":"0","ocean_menu_typo_font_family":"0","ocean_menu_typo_font_subset":"","ocean_menu_typo_font_size":0,"ocean_menu_typo_font_size_tablet":0,"ocean_menu_typo_font_size_mobile":0,"ocean_menu_typo_font_size_unit":"px","ocean_menu_typo_font_weight":"","ocean_menu_typo_font_weight_tablet":"","ocean_menu_typo_font_weight_mobile":"","ocean_menu_typo_transform":"","ocean_menu_typo_transform_tablet":"","ocean_menu_typo_transform_mobile":"","ocean_menu_typo_line_height":0,"ocean_menu_typo_line_height_tablet":0,"ocean_menu_typo_line_height_mobile":0,"ocean_menu_typo_line_height_unit":"","ocean_menu_typo_spacing":0,"ocean_menu_typo_spacing_tablet":0,"ocean_menu_typo_spacing_mobile":0,"ocean_menu_typo_spacing_unit":"","ocean_menu_link_color":"","ocean_menu_link_color_hover":"","ocean_menu_link_color_active":"","ocean_menu_link_background":"","ocean_menu_link_hover_background":"","ocean_menu_link_active_background":"","ocean_menu_social_links_bg":"","ocean_menu_social_hover_links_bg":"","ocean_menu_social_links_color":"","ocean_menu_social_hover_links_color":"","ocean_disable_title":"default","ocean_disable_heading":"default","ocean_post_title":"","ocean_post_subheading":"","ocean_post_title_style":"","ocean_post_title_background_color":"","ocean_post_title_background":0,"ocean_post_title_bg_image_position":"","ocean_post_title_bg_image_attachment":"","ocean_post_title_bg_image_repeat":"","ocean_post_title_bg_image_size":"","ocean_post_title_height":0,"ocean_post_title_bg_overlay":0.5,"ocean_post_title_bg_overlay_color":"","ocean_disable_breadcrumbs":"default","ocean_breadcrumbs_color":"","ocean_breadcrumbs_separator_color":"","ocean_breadcrumbs_links_color":"","ocean_breadcrumbs_links_hover_color":"","ocean_display_footer_widgets":"default","ocean_display_footer_bottom":"default","ocean_custom_footer_template":"0","footnotes":""},"class_list":["post-5340","page","type-page","status-publish","hentry","entry"],"aioseo_notices":[],"_links":{"self":[{"href":"https:\/\/www.turkuswingsociety.com\/tss\/wp-json\/wp\/v2\/pages\/5340","targetHints":{"allow":["GET"]}}],"collection":[{"href":"https:\/\/www.turkuswingsociety.com\/tss\/wp-json\/wp\/v2\/pages"}],"about":[{"href":"https:\/\/www.turkuswingsociety.com\/tss\/wp-json\/wp\/v2\/types\/page"}],"author":[{"embeddable":true,"href":"https:\/\/www.turkuswingsociety.com\/tss\/wp-json\/wp\/v2\/users\/1"}],"replies":[{"embeddable":true,"href":"https:\/\/www.turkuswingsociety.com\/tss\/wp-json\/wp\/v2\/comments?post=5340"}],"version-history":[{"count":3,"href":"https:\/\/www.turkuswingsociety.com\/tss\/wp-json\/wp\/v2\/pages\/5340\/revisions"}],"predecessor-version":[{"id":5343,"href":"https:\/\/www.turkuswingsociety.com\/tss\/wp-json\/wp\/v2\/pages\/5340\/revisions\/5343"}],"wp:attachment":[{"href":"https:\/\/www.turkuswingsociety.com\/tss\/wp-json\/wp\/v2\/media?parent=5340"}],"curies":[{"name":"wp","href":"https:\/\/api.w.org\/{rel}","templated":true}]}}